{"id":45,"date":"2023-05-18T18:36:15","date_gmt":"2023-05-18T18:36:15","guid":{"rendered":"http:\/\/localhost\/tomateros\/?page_id=45"},"modified":"2023-05-18T18:36:15","modified_gmt":"2023-05-18T18:36:15","slug":"aviso-de-privacidad","status":"publish","type":"page","link":"https:\/\/web.tomateros.online\/index.php\/aviso-de-privacidad\/","title":{"rendered":"Aviso de Privacidad"},"content":{"rendered":"\n<div class=\"jumbotron jumbotronPage text-center\">\n                <h1 class=\"mt-0\">Aviso de Privacidad<\/h1>\n  <\/div>\n\n\n\n<div class=\"container-fluid bg-white\">\n                        <p class=\"text-justify\">PROMOTORA DE DEPORTES Y ESPECTACULOS, S.A. DE. C.V., mejor conocido como Tomateros, con\n                            domicilio en nuevo estadio de b\u00e9isbol s\/n en avenida Jes\u00fas Andrade esquina con Constituci\u00f3n, Colonia Miguel\n                            Alem\u00e1n, en Culiac\u00e1n, C.P. 80200, en la entidad de Sinaloa, pa\u00eds M\u00e9xico, y portal de internet\n                            www.tomateros.com.mx con acceso al portal https:\/\/beisshoptomateros.com.mx, es el responsable del uso y\n                            protecci\u00f3n de sus datos personales, y al respecto le informamos lo siguiente:<\/p>\n                        <h4 class=\"text-center\">\u00bfQu\u00e9 informaci\u00f3n vamos a recabar?<\/h4>\n                        <p>Tomateros para cumplir con las finalidades se\u00f1aladas en el presente Aviso tratar\u00e1 datos personales de\n                            identificaci\u00f3n, datos personales de contacto y datos personales patrimoniales y\/o financieros. Le informamos que\n                            para efectos de lo se\u00f1alado en el presente aviso de privacidad, Tomateros no tratar\u00e1 datos personales sensibles.\n                            En el supuesto de que usted nos contacte por redes sociales. Podremos dar tratamiento a la informaci\u00f3n contenida\n                            en su perfil p\u00fablico de la red social de que se trate, as\u00ed como al contenido de sus publicaciones.<\/p>\n                        <h4 class=\"text-center\">\u00bfPARA QU\u00c9 FINES UTILIZAREMOS SUS DATOS PERSONALES?<\/h4>\n                        <p>Los datos personales que recabamos de usted, los utilizaremos para las siguientes finalidades que son\n                            necesariaspara el servicio que solicita:<\/p>\n                        <ul>\n                            <li>Creaci\u00f3n y gesti\u00f3n de su cuenta de usuario.<\/li>\n                            <li>Identificaci\u00f3n y contacto para dar seguimiento a la entrega de productos adquiridos.<\/li>\n                            <li>Atender y resolver sus dudas relacionadas con la adquisici\u00f3n de nuestros productos y servicios.<\/li>\n                            <li>Atender solicitudes de compra remitidas y procesar pagos.<\/li>\n                            <li>Realizar consultas, investigaciones y revisiones en relaci\u00f3n a las quejas y reclamaciones.<\/li>\n                            <li>Promoci\u00f3n de productos y\/o servicios.<\/li>\n                            <li>Mercadotecnia, prospecci\u00f3n y publicitaria.<\/li>\n                            <li>Llevar un historial de compras.<\/li>\n                            <li>Para gestiones de facturaci\u00f3n relacionadas con los productos adquiridos.<\/li>\n                            <li>Actividades de cobranza.<\/li>\n                        <\/ul>\n                        <h4 class=\"text-center\">\u00bfQU\u00c9 DATOS PERSONALES UTILIZAREMOS PARA ESTOS FINES?<\/h4>\n                        <p>Para llevar a cabo las finalidades descritas en el presente aviso de privacidad, utilizaremos los siguientes\n                            datospersonales:<\/p>\n                        <ul>\n                            <li>Nombre<\/li>\n                            <li>Registro Federal de Contribuyentes (RFC)<\/li>\n                            <li>Lugar de nacimiento<\/li>\n                            <li>Fecha de nacimiento<\/li>\n                            <li>Nacionalidad<\/li>\n                            <li>Domicilio<\/li>\n                            <li>Tel\u00e9fono particular<\/li>\n                            <li>Tel\u00e9fono celular<\/li>\n                            <li>Correo electr\u00f3nico<\/li>\n                            <li>Firma aut\u00f3grafa<\/li>\n                            <li>Edad<\/li>\n                            <li>Correo electr\u00f3nico<\/li>\n                            <li>Historial crediticio<\/li>\n                            <li>Cuentas bancarias<\/li>\n                            <li>N\u00famero de tarjetas de cr\u00e9dito<\/li>\n                            <li>Datos de identificaci\u00f3n<\/li>\n                            <li>Datos de contacto<\/li>\n                            <li>Datos patrimoniales y\/o financieros<\/li>\n                        <\/ul>\n                        <h4 class=\"text-center\">\u00bfA QU\u00c9 TERCEROS PODEMOS TRANSFERIR SU INFORMACI\u00d3N?<\/h4>\n                        <p>Tomateros podr\u00e1 transferir, sin requerir su consentimiento, los datos personales necesarios a autoridades\n                            competentes en los casos legalmente previstos en las Leyes aplicables, as\u00ed como a empresas subsidiarias y\n                            filiales de Tomateros, las cuales operan bajo pol\u00edticas de privacidad que cumplen con las disposiciones\n                            aplicables correspondientes para dar cumplimiento a las finalidades se\u00f1aladas en el presente aviso.<\/p>\n                        <h4 class=\"text-center\">\u00bfC\u00d3MO PUEDE ACCEDER, RECTIFICAR O CANCELAR SUS DATOS PERSONALES, U OPONERSE A SU USO?<\/h4>\n                        <p>Usted tiene derecho a conocer qu\u00e9 datos personales tenemos de usted, para qu\u00e9 los utilizamos y las condiciones\n                            deluso que les damos (Acceso). Asimismo, es su derecho solicitar la correcci\u00f3n de su informaci\u00f3n personal en\n                            caso deque est\u00e9 desactualizada, sea inexacta o incompleta (Rectificaci\u00f3n); que la eliminemos de nuestros\n                            registros o basesde datos cuando considere que la misma no est\u00e1 siendo utilizada adecuadamente (Cancelaci\u00f3n);\n                            as\u00ed como oponerseal uso de sus datos personales para fines espec\u00edficos (Oposici\u00f3n). Estos derechos se conocen\n                            como derechosARCO.<\/p>\n                        <p>Para el ejercicio de cualquiera de los derechos ARCO, usted deber\u00e1 presentar la solicitud respectiva a trav\u00e9s\n                            delsiguiente medio:Correo electr\u00f3nico a pdatos@tomateros.com<\/p>\n                        <p>Con relaci\u00f3n al procedimiento y requisitos para el ejercicio de sus derechos ARCO, le informamos lo siguiente:\n                        <\/p>\n                        <ol type=\"a\">\n                            <li>\u00bfA trav\u00e9s de qu\u00e9 medios pueden acreditar su identidad el titular y, en su caso, su representante, as\u00ed como\n                                la personalidad este \u00faltimo? Correo electr\u00f3nico y personal.<\/li>\n                            <li>\u00bfQu\u00e9 informaci\u00f3n y\/o documentaci\u00f3n deber\u00e1 contener la solicitud?Identificaci\u00f3n oficial.<\/li>\n                            <li>\u00bfEn cu\u00e1ntos d\u00edas le daremos respuesta a su solicitud?20 d\u00edas h\u00e1biles.<\/li>\n                            <li>\u00bfPor qu\u00e9 medio le comunicaremos la respuesta a su solicitud?Correo electr\u00f3nico, personal y\/o telef\u00f3nico.\n                            <\/li>\n                            <li> \u00bfEn qu\u00e9 medios se pueden reproducir los datos personales que, en su caso, solicite?Correo electr\u00f3nico y\n                                telef\u00f3nico.<\/li>\n                        <\/ol>\n                        <p>Usted puede revocar el consentimiento que, en su caso, nos haya otorgado para el tratamiento de sus\n                            datospersonales. Sin embargo, es importante que tenga en cuenta que no en todos los casos podremos atender\n                            susolicitud o concluir el uso de forma inmediata, ya que es posible que por alguna obligaci\u00f3n legal requiramos\n                            seguir tratando sus datos personales. Asimismo, usted deber\u00e1 considerar que para ciertos fines, la revocaci\u00f3n de\n                            suconsentimiento implicar\u00e1 que no le podamos seguir prestando el servicio que nos solicit\u00f3, o la conclusi\u00f3n de\n                            surelaci\u00f3n con nosotros.<\/p>\n                        <p>Para revocar su consentimiento deber\u00e1 presentar su solicitud a trav\u00e9s del siguiente medio: Correo electr\u00f3nico y\n                            personal.<\/p>\n                        <p>Para conocer el procedimiento y requisitos para la revocaci\u00f3n del consentimiento, ponemos a su disposici\u00f3n el\n                            siguiente medio:correo electr\u00f3nico: pdatos@tomateros.com<\/p>\n                        <p>El uso de tecnolog\u00edas de rastreo en nuestro portal de internet:<\/p>\n                        <p>Le informamos que en nuestra p\u00e1gina de internet utilizamos cookies, web beacons u otras tecnolog\u00edas, a trav\u00e9s\n                            delas cuales es posible monitorear su comportamiento como usuario de internet, as\u00ed como brindarle un mejor\n                            servicio yexperiencia al navegar en nuestra p\u00e1gina. Los datos personales que recabamos a trav\u00e9s de estas\n                            tecnolog\u00edas, losutilizaremos para los siguientes fines:Administrar y operar servicios de la p\u00e1gina web, realizar\n                            las operaciones solicitadas en p\u00e1gina web, verificar y confirmar identidadlos datos personales que obtenemos de\n                            estas tecnolog\u00edas de rastreo son los siguientes:<\/p>\n                        <ul>\n                            <li>Idioma preferido por el usuario<\/li>\n                            <li>Regi\u00f3n en la que se encuentra el usuario<\/li>\n                            <li>Tipo de navegador del usuario<\/li>\n                            <li>Tipo de sistema operativo del usuario<\/li>\n                            <li>P\u00e1ginas web visitadas por un usuario<\/li>\n                            <li>B\u00fasquedas realizadas por un usuario<\/li>\n                            <li>Publicidad revisada por un usuario<\/li>\n                        <\/ul>\n                        <table class=\"table\">\n                            <tr>\n                                <td>\u00bfC\u00d3MO PUEDE LIMITAR EL USO O DIVULGACI\u00d3N DE SU INFORMACI\u00d3N PERSONAL?<\/td>\n                            <\/tr>\n                            <tr>\n                                <td>CON OBJETO DE QUE USTED PUEDA LIMITAR EL USO Y DIVULGACI\u00d3N DE SU INFORMACI\u00d3N PERSONAL, LE OFRECEMOS LOS\n                                    SIGUIENTES MEDIOS:\n                                    CORREO ELECTRONICO: PDATOS@TOMATEROS.COM, TELEFONO: (677)7583400, EN OFICINAS UBICADAS NUEVO ESTADIO DE\n                                    B\u00c9ISBOL S\/N EN AVENIDA JES\u00daS ANDRADE ESQUINA CON CONSTITUCI\u00d3N, COLONIA MIGUEL ALEM\u00c1N, EN CULIAC\u00c1N, C.P.\n                                    80200, EN LA ENTIDAD DE SINALOA, PA\u00cdS M\u00c9XICO.<\/td>\n                            <\/tr>\n                        <\/table>\n                        <p>De manera adicional, le informamos que contamos con los siguientes listados de exclusi\u00f3n, en los cuales podr\u00e1\n                            registrarse para que sus datos personales no sean tratados para ciertos fines:<\/p>\n                        <table class=\"table\">\n                            <tr>\n                                <td>NOMBRE DEL LISTADO<\/td>\n                                <td>FINALIDAD PARA LAS QUE APLICA<\/td>\n                                <td class=\"d-none d-lg-table-cell\">MEDIO PARA OBTENER MAYOR INFORMACI\u00d3N<\/td>\n                            <\/tr>\n                            <tr>\n                                <td>LISTADO DE CLIENTES QUE NO DESEAN RECIBIR PUBLICIDAD<\/td>\n                                <td>PARA QUE EL TITULAR TENGA LA POSIBILIDAD DE LIMITAR EL USO DE SU INFORMACI\u00d3N Y\/O EN SU DEFECTO LA\n                                    DEVOLUCI\u00d3N DE LA MISMA.<\/td>\n                                <td class=\"d-none d-lg-table-cell\">CORREO ELECTRONICO: PDATOS@TOMATEROS.COM, TELEFONO: (677)7583400, EN OFICINAS UBICADAS NUEVO ESTADIO DE\n                                    B\u00c9ISBOL S\/N EN AVENIDA JES\u00daS ANDRADE ESQUINA CON CONSTITUCI\u00d3N, COLONIA MIGUEL ALEM\u00c1N, EN CULIAC\u00c1N, C.P.\n                                    80200, EN LA ENTIDAD DE SINALOA, PA\u00cdS M\u00c9XICO.<\/td>\n                    \n                            <\/tr>\n                            <tr>\n                                <td>LISTADO DE PROVEEDORES QUE NO DESEAN COMPARTIR INFORMACI\u00d3N<\/td>\n                                <td>PARA QUE EL TITULAR TENGA POSIBILIDAD DE RESTRINGIR EL USO DE SUS DATOS Y\/O SOLICITAR LA DEVOLUCI\u00d3N DE\n                                    LOS MISMOS.<\/td>\n                                <td class=\"d-none d-lg-table-cell\">CORREO ELECTRONICO: PDATOS@TOMATEROS.COM, TELEFONO: (677)7583400, EN OFICINAS UBICADAS NUEVO ESTADIO DE\n                                    B\u00c9ISBOL S\/N EN AVENIDA JES\u00daS ANDRADE ESQUINA CON CONSTITUCI\u00d3N, COLONIA MIGUEL ALEM\u00c1N, EN CULIAC\u00c1N, C.P.\n                                    80200, EN LA ENTIDAD DE SINALOA, PA\u00cdS M\u00c9XICO.<\/td>\n                            <\/tr>\n                        <\/table>\n                        <p>\u00bfC\u00f3mo puede conocer los cambios en este aviso de privacidad?<\/p>\n                        <p>El presente aviso de privacidad puede sufrir modificaciones, cambios o actualizaciones derivadas de nuevos\n                            requerimientos legales; de nuestras propias necesidades por los productos o servicios que ofrecemos; de nuestras\n                            pr\u00e1cticas de privacidad; de cambios en nuestro modelo de negocio, o por otras causas.<\/p>\n                        <p>Nos comprometemos a mantenerlo informado sobre los cambios que pueda sufrir el presente aviso de privacidad, a\n                            trav\u00e9s de: p\u00e1gina web.<\/p>\n                        <p>El procedimiento a trav\u00e9s del cual se llevar\u00e1n a cabo las notificaciones sobre cambios o actualizaciones al\n                            presente aviso de privacidad es el siguiente:Se publicara en nuestra p\u00e1gina web y\/o internet.<\/p>\n\n            <\/div>\n","protected":false},"excerpt":{"rendered":"<p>Aviso de Privacidad PROMOTORA DE DEPORTES Y ESPECTACULOS, S.A. DE. C.V., mejor conocido como Tomateros, con domicilio en nuevo estadio de b\u00e9isbol s\/n en avenida Jes\u00fas Andrade esquina con Constituci\u00f3n, Colonia Miguel Alem\u00e1n, en Culiac\u00e1n, C.P. 80200, en la entidad de Sinaloa, pa\u00eds M\u00e9xico, y portal de internet www.tomateros.com.mx con acceso al portal https:\/\/beisshoptomateros.com.mx, es el responsable del uso y protecci\u00f3n de sus datos personales, y al respecto le informamos lo siguiente: \u00bfQu\u00e9 informaci\u00f3n vamos a recabar? Tomateros para cumplir con las finalidades se\u00f1aladas en el presente Aviso tratar\u00e1 datos personales de identificaci\u00f3n, datos personales de contacto y datos personales patrimoniales y\/o financieros. Le informamos que para efectos de lo se\u00f1alado en el presente aviso de privacidad, Tomateros no tratar\u00e1 datos personales sensibles. En el supuesto de que usted nos contacte por redes sociales. Podremos dar tratamiento a la informaci\u00f3n contenida en su perfil p\u00fablico de la red social de que se trate, as\u00ed como al contenido de sus publicaciones. \u00bfPARA QU\u00c9 FINES UTILIZAREMOS SUS DATOS PERSONALES? Los datos personales que recabamos de usted, los utilizaremos para las siguientes finalidades que son necesariaspara el servicio que solicita: Creaci\u00f3n y gesti\u00f3n de su cuenta de usuario. Identificaci\u00f3n y contacto para dar seguimiento a la entrega de productos adquiridos. Atender y resolver sus dudas relacionadas con la adquisici\u00f3n de nuestros productos y servicios. Atender solicitudes de compra remitidas y procesar pagos. Realizar consultas, investigaciones y revisiones en relaci\u00f3n a las quejas y reclamaciones. Promoci\u00f3n de productos y\/o servicios. Mercadotecnia, prospecci\u00f3n y publicitaria. Llevar un historial de compras. Para gestiones de facturaci\u00f3n relacionadas con los productos adquiridos. Actividades de cobranza. \u00bfQU\u00c9 DATOS PERSONALES UTILIZAREMOS PARA ESTOS FINES? Para llevar a cabo las finalidades descritas en el presente aviso de privacidad, utilizaremos los siguientes datospersonales: Nombre Registro Federal de Contribuyentes (RFC) Lugar de nacimiento Fecha de nacimiento Nacionalidad Domicilio Tel\u00e9fono particular Tel\u00e9fono celular Correo electr\u00f3nico Firma aut\u00f3grafa Edad Correo electr\u00f3nico Historial crediticio Cuentas bancarias N\u00famero de tarjetas de cr\u00e9dito Datos de identificaci\u00f3n Datos de contacto Datos patrimoniales y\/o financieros \u00bfA QU\u00c9 TERCEROS PODEMOS TRANSFERIR SU INFORMACI\u00d3N? Tomateros podr\u00e1 transferir, sin requerir su consentimiento, los datos personales necesarios a autoridades competentes en los casos legalmente previstos en las Leyes aplicables, as\u00ed como a empresas subsidiarias y filiales de Tomateros, las cuales operan bajo pol\u00edticas de privacidad que cumplen con las disposiciones aplicables correspondientes para dar cumplimiento a las finalidades se\u00f1aladas en el presente aviso. \u00bfC\u00d3MO PUEDE ACCEDER, RECTIFICAR O CANCELAR SUS DATOS PERSONALES, U OPONERSE A SU USO? Usted tiene derecho a conocer qu\u00e9 datos personales tenemos de usted, para qu\u00e9 los utilizamos y las condiciones deluso que les damos (Acceso). Asimismo, es su derecho solicitar la correcci\u00f3n de su informaci\u00f3n personal en caso deque est\u00e9 desactualizada, sea inexacta o incompleta (Rectificaci\u00f3n); que la eliminemos de nuestros registros o basesde datos cuando considere que la misma no est\u00e1 siendo utilizada adecuadamente (Cancelaci\u00f3n); as\u00ed como oponerseal uso de sus datos personales para fines espec\u00edficos (Oposici\u00f3n). Estos derechos se conocen como derechosARCO. Para el ejercicio de cualquiera de los derechos ARCO, usted deber\u00e1 presentar la solicitud respectiva a trav\u00e9s delsiguiente medio:Correo electr\u00f3nico a pdatos@tomateros.com Con relaci\u00f3n al procedimiento y requisitos para el ejercicio de sus derechos ARCO, le informamos lo siguiente: \u00bfA trav\u00e9s de qu\u00e9 medios pueden acreditar su identidad el titular y, en su caso, su representante, as\u00ed como la personalidad este \u00faltimo? Correo electr\u00f3nico y personal. \u00bfQu\u00e9 informaci\u00f3n y\/o documentaci\u00f3n deber\u00e1 contener la solicitud?Identificaci\u00f3n oficial. \u00bfEn cu\u00e1ntos d\u00edas le daremos respuesta a su solicitud?20 d\u00edas h\u00e1biles. \u00bfPor qu\u00e9 medio le comunicaremos la respuesta a su solicitud?Correo electr\u00f3nico, personal y\/o telef\u00f3nico. \u00bfEn qu\u00e9 medios se pueden reproducir los datos personales que, en su caso, solicite?Correo electr\u00f3nico y telef\u00f3nico. Usted puede revocar el consentimiento que, en su caso, nos haya otorgado para el tratamiento de sus datospersonales. Sin embargo, es importante que tenga en cuenta que no en todos los casos podremos atender susolicitud o concluir el uso de forma inmediata, ya que es posible que por alguna obligaci\u00f3n legal requiramos seguir tratando sus datos personales. Asimismo, usted deber\u00e1 considerar que para ciertos fines, la revocaci\u00f3n de suconsentimiento implicar\u00e1 que no le podamos seguir prestando el servicio que nos solicit\u00f3, o la conclusi\u00f3n de surelaci\u00f3n con nosotros. Para revocar su consentimiento deber\u00e1 presentar su solicitud a trav\u00e9s del siguiente medio: Correo electr\u00f3nico y personal. Para conocer el procedimiento y requisitos para la revocaci\u00f3n del consentimiento, ponemos a su disposici\u00f3n el siguiente medio:correo electr\u00f3nico: pdatos@tomateros.com El uso de tecnolog\u00edas de rastreo en nuestro portal de internet: Le informamos que en nuestra p\u00e1gina de internet utilizamos cookies, web beacons u otras tecnolog\u00edas, a trav\u00e9s delas cuales es posible monitorear su comportamiento como usuario de internet, as\u00ed como brindarle un mejor servicio yexperiencia al navegar en nuestra p\u00e1gina. Los datos personales que recabamos a trav\u00e9s de estas tecnolog\u00edas, losutilizaremos para los siguientes fines:Administrar y operar servicios de la p\u00e1gina web, realizar las operaciones solicitadas en p\u00e1gina web, verificar y confirmar identidadlos datos personales que obtenemos de estas tecnolog\u00edas de rastreo son los siguientes: Idioma preferido por el usuario Regi\u00f3n en la que se encuentra el usuario Tipo de navegador del usuario Tipo de sistema operativo del usuario P\u00e1ginas web visitadas por un usuario B\u00fasquedas realizadas por un usuario Publicidad revisada por un usuario \u00bfC\u00d3MO PUEDE LIMITAR EL USO O DIVULGACI\u00d3N DE SU INFORMACI\u00d3N PERSONAL? CON OBJETO DE QUE USTED PUEDA LIMITAR EL USO Y DIVULGACI\u00d3N DE SU INFORMACI\u00d3N PERSONAL, LE OFRECEMOS LOS SIGUIENTES MEDIOS: CORREO ELECTRONICO: PDATOS@TOMATEROS.COM, TELEFONO: (677)7583400, EN OFICINAS UBICADAS NUEVO ESTADIO DE B\u00c9ISBOL S\/N EN AVENIDA JES\u00daS ANDRADE ESQUINA CON CONSTITUCI\u00d3N, COLONIA MIGUEL ALEM\u00c1N, EN CULIAC\u00c1N, C.P. 80200, EN LA ENTIDAD DE SINALOA, PA\u00cdS M\u00c9XICO. De manera adicional, le informamos que contamos con los siguientes listados de exclusi\u00f3n, en los cuales podr\u00e1 registrarse para que sus datos personales no sean tratados para ciertos fines: NOMBRE DEL LISTADO FINALIDAD PARA LAS QUE APLICA MEDIO PARA OBTENER MAYOR INFORMACI\u00d3N LISTADO DE CLIENTES QUE NO DESEAN RECIBIR PUBLICIDAD PARA QUE EL TITULAR TENGA LA POSIBILIDAD DE LIMITAR EL USO DE SU INFORMACI\u00d3N Y\/O EN SU DEFECTO LA DEVOLUCI\u00d3N DE LA MISMA. CORREO ELECTRONICO: PDATOS@TOMATEROS.COM, TELEFONO: (677)7583400, EN OFICINAS UBICADAS NUEVO ESTADIO DE B\u00c9ISBOL S\/N EN AVENIDA JES\u00daS ANDRADE ESQUINA CON CONSTITUCI\u00d3N, COLONIA MIGUEL ALEM\u00c1N, EN CULIAC\u00c1N, C.P. 80200, EN LA ENTIDAD DE SINALOA, PA\u00cdS M\u00c9XICO. LISTADO DE PROVEEDORES QUE NO DESEAN COMPARTIR INFORMACI\u00d3N PARA QUE EL TITULAR TENGA POSIBILIDAD DE RESTRINGIR EL USO DE SUS DATOS Y\/O SOLICITAR LA DEVOLUCI\u00d3N DE LOS MISMOS. CORREO ELECTRONICO: PDATOS@TOMATEROS.COM, TELEFONO: (677)7583400, EN OFICINAS UBICADAS NUEVO ESTADIO DE B\u00c9ISBOL S\/N EN AVENIDA JES\u00daS ANDRADE ESQUINA CON CONSTITUCI\u00d3N, COLONIA MIGUEL ALEM\u00c1N, EN CULIAC\u00c1N, C.P. 80200, EN LA ENTIDAD DE SINALOA, PA\u00cdS M\u00c9XICO. \u00bfC\u00f3mo puede conocer los cambios en este aviso de privacidad? El presente aviso de privacidad puede sufrir modificaciones, cambios o actualizaciones derivadas de nuevos requerimientos legales; de nuestras propias necesidades por los productos o servicios que ofrecemos; de nuestras pr\u00e1cticas de privacidad; de cambios en nuestro modelo de negocio, o por otras causas. Nos comprometemos a mantenerlo informado sobre los cambios que pueda sufrir el presente aviso de privacidad, a trav\u00e9s de: p\u00e1gina web. El procedimiento a trav\u00e9s del cual se llevar\u00e1n a cabo las notificaciones sobre cambios o actualizaciones al presente aviso de privacidad es el siguiente:Se publicara en nuestra p\u00e1gina web y\/o internet.<\/p>\n","protected":false},"author":1,"featured_media":0,"parent":0,"menu_order":0,"comment_status":"closed","ping_status":"closed","template":"template-blank.php","meta":{"footnotes":""},"class_list":["post-45","page","type-page","status-publish","hentry"],"_links":{"self":[{"href":"https:\/\/web.tomateros.online\/index.php\/wp-json\/wp\/v2\/pages\/45","targetHints":{"allow":["GET"]}}],"collection":[{"href":"https:\/\/web.tomateros.online\/index.php\/wp-json\/wp\/v2\/pages"}],"about":[{"href":"https:\/\/web.tomateros.online\/index.php\/wp-json\/wp\/v2\/types\/page"}],"author":[{"embeddable":true,"href":"https:\/\/web.tomateros.online\/index.php\/wp-json\/wp\/v2\/users\/1"}],"replies":[{"embeddable":true,"href":"https:\/\/web.tomateros.online\/index.php\/wp-json\/wp\/v2\/comments?post=45"}],"version-history":[{"count":0,"href":"https:\/\/web.tomateros.online\/index.php\/wp-json\/wp\/v2\/pages\/45\/revisions"}],"wp:attachment":[{"href":"https:\/\/web.tomateros.online\/index.php\/wp-json\/wp\/v2\/media?parent=45"}],"curies":[{"name":"wp","href":"https:\/\/api.w.org\/{rel}","templated":true}]}}